{"id":835,"date":"2024-02-21T12:16:07","date_gmt":"2024-02-21T17:16:07","guid":{"rendered":"http:\/\/estrategiasyeventos.net\/?page_id=835"},"modified":"2024-02-21T17:27:56","modified_gmt":"2024-02-21T22:27:56","slug":"apoyos-academicos","status":"publish","type":"page","link":"https:\/\/estrategiasyeventos.net\/?page_id=835","title":{"rendered":"Apoyos Acad\u00e9micos"},"content":{"rendered":"\t\t<div data-elementor-type=\"wp-page\" data-elementor-id=\"835\" class=\"elementor elementor-835\" data-elementor-post-type=\"page\">\n\t\t\t\t<div class=\"elementor-element elementor-element-97266a2 animated-slow e-flex e-con-boxed elementor-invisible e-con e-parent\" data-id=\"97266a2\" data-element_type=\"container\" data-settings=\"{&quot;animation&quot;:&quot;fadeIn&quot;}\">\n\t\t\t\t\t<div class=\"e-con-inner\">\n\t\t\t\t<div class=\"elementor-element elementor-element-fff215a elementor-widget elementor-widget-spacer\" data-id=\"fff215a\" data-element_type=\"widget\" data-widget_type=\"spacer.default\">\n\t\t\t\t<div class=\"elementor-widget-container\">\n\t\t\t\t\t\t\t<div class=\"elementor-spacer\">\n\t\t\t<div class=\"elementor-spacer-inner\"><\/div>\n\t\t<\/div>\n\t\t\t\t\t\t<\/div>\n\t\t\t\t<\/div>\n\t\t\t\t<div class=\"elementor-element elementor-element-afec036 elementor-widget elementor-widget-text-editor\" data-id=\"afec036\" data-element_type=\"widget\" data-widget_type=\"text-editor.default\">\n\t\t\t\t<div class=\"elementor-widget-container\">\n\t\t\t\t\t\t\t\t\t<p>Contamos con el respaldo de Universidades e instituciones acad\u00e9micas, en el sector salud reconocidas y avaladas por El Ministerio de Protecci\u00f3n Social, El Ministerio de Salud y El Ministerio de Educaci\u00f3n, acercando a sus clientes y empleados a la depuraci\u00f3n y actualizaci\u00f3n de conocimientos y aplicaciones de vanguardia, paso vital para mantenerse en el ritmo de progreso actual del mercado.<\/p>\t\t\t\t\t\t\t\t<\/div>\n\t\t\t\t<\/div>\n\t\t\t\t<div class=\"elementor-element elementor-element-62d4c68 elementor-widget-divider--view-line elementor-widget elementor-widget-divider\" data-id=\"62d4c68\" data-element_type=\"widget\" data-widget_type=\"divider.default\">\n\t\t\t\t<div class=\"elementor-widget-container\">\n\t\t\t\t\t\t\t<div class=\"elementor-divider\">\n\t\t\t<span class=\"elementor-divider-separator\">\n\t\t\t\t\t\t<\/span>\n\t\t<\/div>\n\t\t\t\t\t\t<\/div>\n\t\t\t\t<\/div>\n\t\t\t\t\t<\/div>\n\t\t\t\t<\/div>\n\t\t<div class=\"elementor-element elementor-element-6b6947d animated-slow e-flex e-con-boxed elementor-invisible e-con e-parent\" data-id=\"6b6947d\" data-element_type=\"container\" data-settings=\"{&quot;animation&quot;:&quot;fadeIn&quot;}\">\n\t\t\t\t\t<div class=\"e-con-inner\">\n\t\t<div class=\"elementor-element elementor-element-8929856 e-flex e-con-boxed e-con e-child\" data-id=\"8929856\" data-element_type=\"container\">\n\t\t\t\t\t<div class=\"e-con-inner\">\n\t\t\t\t<div class=\"elementor-element elementor-element-829e6f3 elementor-widget__width-initial elementor-widget elementor-widget-image\" data-id=\"829e6f3\" data-element_type=\"widget\" data-widget_type=\"image.default\">\n\t\t\t\t<div class=\"elementor-widget-container\">\n\t\t\t\t\t\t\t\t\t\t\t\t\t\t\t<img fetchpriority=\"high\" decoding=\"async\" width=\"453\" height=\"140\" src=\"https:\/\/estrategiasyeventos.net\/wp-content\/uploads\/2024\/02\/logo-uniandes_2.webp\" class=\"attachment-large size-large wp-image-939\" alt=\"\" srcset=\"https:\/\/estrategiasyeventos.net\/wp-content\/uploads\/2024\/02\/logo-uniandes_2.webp 453w, https:\/\/estrategiasyeventos.net\/wp-content\/uploads\/2024\/02\/logo-uniandes_2-300x93.webp 300w\" sizes=\"(max-width: 453px) 100vw, 453px\" \/>\t\t\t\t\t\t\t\t\t\t\t\t\t\t\t<\/div>\n\t\t\t\t<\/div>\n\t\t\t\t<div class=\"elementor-element elementor-element-940b749 elementor-widget__width-initial elementor-widget elementor-widget-image\" data-id=\"940b749\" data-element_type=\"widget\" data-widget_type=\"image.default\">\n\t\t\t\t<div class=\"elementor-widget-container\">\n\t\t\t\t\t\t\t\t\t\t\t\t\t\t\t<img decoding=\"async\" width=\"800\" height=\"266\" src=\"https:\/\/estrategiasyeventos.net\/wp-content\/uploads\/2024\/02\/logo-bosque_1-1024x340.png\" class=\"attachment-large size-large wp-image-69\" alt=\"\" srcset=\"https:\/\/estrategiasyeventos.net\/wp-content\/uploads\/2024\/02\/logo-bosque_1-1024x340.png 1024w, https:\/\/estrategiasyeventos.net\/wp-content\/uploads\/2024\/02\/logo-bosque_1-300x100.png 300w, https:\/\/estrategiasyeventos.net\/wp-content\/uploads\/2024\/02\/logo-bosque_1-768x255.png 768w, https:\/\/estrategiasyeventos.net\/wp-content\/uploads\/2024\/02\/logo-bosque_1-1536x510.png 1536w, https:\/\/estrategiasyeventos.net\/wp-content\/uploads\/2024\/02\/logo-bosque_1-2048x680.png 2048w\" sizes=\"(max-width: 800px) 100vw, 800px\" \/>\t\t\t\t\t\t\t\t\t\t\t\t\t\t\t<\/div>\n\t\t\t\t<\/div>\n\t\t\t\t<div class=\"elementor-element elementor-element-bcf193f elementor-widget elementor-widget-image\" data-id=\"bcf193f\" data-element_type=\"widget\" data-widget_type=\"image.default\">\n\t\t\t\t<div class=\"elementor-widget-container\">\n\t\t\t\t\t\t\t\t\t\t\t\t\t\t\t<img decoding=\"async\" width=\"800\" height=\"201\" src=\"https:\/\/estrategiasyeventos.net\/wp-content\/uploads\/2024\/02\/logo-antioquia_1-1024x257.png\" class=\"attachment-large size-large wp-image-68\" alt=\"\" srcset=\"https:\/\/estrategiasyeventos.net\/wp-content\/uploads\/2024\/02\/logo-antioquia_1-1024x257.png 1024w, https:\/\/estrategiasyeventos.net\/wp-content\/uploads\/2024\/02\/logo-antioquia_1-300x75.png 300w, https:\/\/estrategiasyeventos.net\/wp-content\/uploads\/2024\/02\/logo-antioquia_1-768x193.png 768w, https:\/\/estrategiasyeventos.net\/wp-content\/uploads\/2024\/02\/logo-antioquia_1-1536x386.png 1536w, https:\/\/estrategiasyeventos.net\/wp-content\/uploads\/2024\/02\/logo-antioquia_1-2048x515.png 2048w\" sizes=\"(max-width: 800px) 100vw, 800px\" \/>\t\t\t\t\t\t\t\t\t\t\t\t\t\t\t<\/div>\n\t\t\t\t<\/div>\n\t\t\t\t<div class=\"elementor-element elementor-element-7fa900f elementor-widget elementor-widget-image\" data-id=\"7fa900f\" data-element_type=\"widget\" data-widget_type=\"image.default\">\n\t\t\t\t<div class=\"elementor-widget-container\">\n\t\t\t\t\t\t\t\t\t\t\t\t\t\t\t<img loading=\"lazy\" decoding=\"async\" width=\"800\" height=\"375\" src=\"https:\/\/estrategiasyeventos.net\/wp-content\/uploads\/2024\/02\/logo-javeriana_1.png\" class=\"attachment-large size-large wp-image-71\" alt=\"\" srcset=\"https:\/\/estrategiasyeventos.net\/wp-content\/uploads\/2024\/02\/logo-javeriana_1.png 866w, https:\/\/estrategiasyeventos.net\/wp-content\/uploads\/2024\/02\/logo-javeriana_1-300x141.png 300w, https:\/\/estrategiasyeventos.net\/wp-content\/uploads\/2024\/02\/logo-javeriana_1-768x360.png 768w\" sizes=\"(max-width: 800px) 100vw, 800px\" \/>\t\t\t\t\t\t\t\t\t\t\t\t\t\t\t<\/div>\n\t\t\t\t<\/div>\n\t\t\t\t\t<\/div>\n\t\t\t\t<\/div>\n\t\t<div class=\"elementor-element elementor-element-c557a90 e-flex e-con-boxed e-con e-child\" data-id=\"c557a90\" data-element_type=\"container\">\n\t\t\t\t\t<div class=\"e-con-inner\">\n\t\t\t\t<div class=\"elementor-element elementor-element-6d9e786 elementor-widget__width-initial elementor-widget elementor-widget-image\" data-id=\"6d9e786\" data-element_type=\"widget\" data-widget_type=\"image.default\">\n\t\t\t\t<div class=\"elementor-widget-container\">\n\t\t\t\t\t\t\t\t\t\t\t\t\t\t\t<img loading=\"lazy\" decoding=\"async\" width=\"800\" height=\"674\" src=\"https:\/\/estrategiasyeventos.net\/wp-content\/uploads\/2024\/02\/logo-usesalud_2.png\" class=\"attachment-large size-large wp-image-74\" alt=\"\" srcset=\"https:\/\/estrategiasyeventos.net\/wp-content\/uploads\/2024\/02\/logo-usesalud_2.png 845w, https:\/\/estrategiasyeventos.net\/wp-content\/uploads\/2024\/02\/logo-usesalud_2-300x253.png 300w, https:\/\/estrategiasyeventos.net\/wp-content\/uploads\/2024\/02\/logo-usesalud_2-768x647.png 768w\" sizes=\"(max-width: 800px) 100vw, 800px\" \/>\t\t\t\t\t\t\t\t\t\t\t\t\t\t\t<\/div>\n\t\t\t\t<\/div>\n\t\t\t\t<div class=\"elementor-element elementor-element-b1dc63b elementor-widget__width-initial elementor-widget elementor-widget-image\" data-id=\"b1dc63b\" data-element_type=\"widget\" data-widget_type=\"image.default\">\n\t\t\t\t<div class=\"elementor-widget-container\">\n\t\t\t\t\t\t\t\t\t\t\t\t\t\t\t<img loading=\"lazy\" decoding=\"async\" width=\"800\" height=\"531\" src=\"https:\/\/estrategiasyeventos.net\/wp-content\/uploads\/2024\/02\/logo-eafit_1-1024x680.png\" class=\"attachment-large size-large wp-image-70\" alt=\"\" srcset=\"https:\/\/estrategiasyeventos.net\/wp-content\/uploads\/2024\/02\/logo-eafit_1-1024x680.png 1024w, https:\/\/estrategiasyeventos.net\/wp-content\/uploads\/2024\/02\/logo-eafit_1-300x199.png 300w, https:\/\/estrategiasyeventos.net\/wp-content\/uploads\/2024\/02\/logo-eafit_1-768x510.png 768w, https:\/\/estrategiasyeventos.net\/wp-content\/uploads\/2024\/02\/logo-eafit_1-1536x1021.png 1536w, https:\/\/estrategiasyeventos.net\/wp-content\/uploads\/2024\/02\/logo-eafit_1-2048x1361.png 2048w\" sizes=\"(max-width: 800px) 100vw, 800px\" \/>\t\t\t\t\t\t\t\t\t\t\t\t\t\t\t<\/div>\n\t\t\t\t<\/div>\n\t\t\t\t<div class=\"elementor-element elementor-element-634d6a3 elementor-widget__width-initial elementor-widget elementor-widget-image\" data-id=\"634d6a3\" data-element_type=\"widget\" data-widget_type=\"image.default\">\n\t\t\t\t<div class=\"elementor-widget-container\">\n\t\t\t\t\t\t\t\t\t\t\t\t\t\t\t<img loading=\"lazy\" decoding=\"async\" width=\"500\" height=\"200\" src=\"https:\/\/estrategiasyeventos.net\/wp-content\/uploads\/2024\/02\/logo-unisalud_1.png\" class=\"attachment-large size-large wp-image-73\" alt=\"\" srcset=\"https:\/\/estrategiasyeventos.net\/wp-content\/uploads\/2024\/02\/logo-unisalud_1.png 500w, https:\/\/estrategiasyeventos.net\/wp-content\/uploads\/2024\/02\/logo-unisalud_1-300x120.png 300w\" sizes=\"(max-width: 500px) 100vw, 500px\" \/>\t\t\t\t\t\t\t\t\t\t\t\t\t\t\t<\/div>\n\t\t\t\t<\/div>\n\t\t\t\t\t<\/div>\n\t\t\t\t<\/div>\n\t\t\t\t\t<\/div>\n\t\t\t\t<\/div>\n\t\t\t\t<\/div>\n\t\t","protected":false},"excerpt":{"rendered":"<p>Contamos con el respaldo de Universidades e instituciones acad\u00e9micas, en el sector salud reconocidas y avaladas por El Ministerio de Protecci\u00f3n Social, El Ministerio de Salud y El Ministerio de Educaci\u00f3n, acercando a sus clientes y empleados a la depuraci\u00f3n y actualizaci\u00f3n de conocimientos y aplicaciones de vanguardia, paso vital para mantenerse en el ritmo [&hellip;]<\/p>\n","protected":false},"author":1,"featured_media":0,"parent":0,"menu_order":0,"comment_status":"closed","ping_status":"closed","template":"elementor_header_footer","meta":{"footnotes":""},"class_list":["post-835","page","type-page","status-publish","hentry"],"_links":{"self":[{"href":"https:\/\/estrategiasyeventos.net\/index.php?rest_route=\/wp\/v2\/pages\/835","targetHints":{"allow":["GET"]}}],"collection":[{"href":"https:\/\/estrategiasyeventos.net\/index.php?rest_route=\/wp\/v2\/pages"}],"about":[{"href":"https:\/\/estrategiasyeventos.net\/index.php?rest_route=\/wp\/v2\/types\/page"}],"author":[{"embeddable":true,"href":"https:\/\/estrategiasyeventos.net\/index.php?rest_route=\/wp\/v2\/users\/1"}],"replies":[{"embeddable":true,"href":"https:\/\/estrategiasyeventos.net\/index.php?rest_route=%2Fwp%2Fv2%2Fcomments&post=835"}],"version-history":[{"count":58,"href":"https:\/\/estrategiasyeventos.net\/index.php?rest_route=\/wp\/v2\/pages\/835\/revisions"}],"predecessor-version":[{"id":1246,"href":"https:\/\/estrategiasyeventos.net\/index.php?rest_route=\/wp\/v2\/pages\/835\/revisions\/1246"}],"wp:attachment":[{"href":"https:\/\/estrategiasyeventos.net\/index.php?rest_route=%2Fwp%2Fv2%2Fmedia&parent=835"}],"curies":[{"name":"wp","href":"https:\/\/api.w.org\/{rel}","templated":true}]}}